{"id":366,"date":"2022-08-09T16:16:06","date_gmt":"2022-08-09T16:16:06","guid":{"rendered":"https:\/\/sarynellybrows.com\/New\/?post_type=product&#038;p=366"},"modified":"2022-08-18T13:14:07","modified_gmt":"2022-08-18T13:14:07","slug":"6-cursos-x-1-usa","status":"publish","type":"product","link":"https:\/\/sarynellybrows.com\/New\/producto\/6-cursos-x-1-usa\/","title":{"rendered":"6 Cursos x 1 USA"},"content":{"rendered":"","protected":false},"excerpt":{"rendered":"<h3><strong>BRAVO TECHNIQUE MICROBLADING WORKSHOP<\/strong><\/h3>\n<p><img class=\"_1ift _2560 img\" src=\"https:\/\/static.xx.fbcdn.net\/images\/emoji.php\/v9\/zba\/1\/16\/1f4e3.png\" alt=\"\ud83d\udce3\" \/>\u00bfQuieres ser tu propio jefe?<br \/>\n<img class=\"_1ift _2560 img\" src=\"https:\/\/static.xx.fbcdn.net\/images\/emoji.php\/v9\/zba\/1\/16\/1f4e3.png\" alt=\"\ud83d\udce3\" \/>\u00bfQuieres generar m\u00e1s de $2,000 semanales?<br \/>\n<img class=\"_1ift _2560 img\" src=\"https:\/\/static.xx.fbcdn.net\/images\/emoji.php\/v9\/zba\/1\/16\/1f4e3.png\" alt=\"\ud83d\udce3\" \/>\u00bfAjustar tus propios horarios?<br \/>\n<img class=\"_1ift _2560 img\" src=\"https:\/\/static.xx.fbcdn.net\/images\/emoji.php\/v9\/zba\/1\/16\/1f4e3.png\" alt=\"\ud83d\udce3\" \/>\u00bfDisfrutar de merecidas vacaciones?<br \/>\n<img class=\"_1ift _2560 img\" src=\"https:\/\/static.xx.fbcdn.net\/images\/emoji.php\/v9\/zba\/1\/16\/1f4e3.png\" alt=\"\ud83d\udce3\" \/>\u00bfTener m\u00e1s tiempo libre?<\/p>\n<p>Este taller es para ti<\/p>\n<p><img class=\"_1ift _2560 img\" src=\"https:\/\/static.xx.fbcdn.net\/images\/emoji.php\/v9\/z40\/1\/16\/261d.png\" alt=\"\u261d\ufe0f\" \/><\/p>\n<p>CUPOS LIMITADOS<\/p>\n<h4>\u00danico entrenamiento en USA estrictamente dise\u00f1ado para que aprendas en 2 d\u00edas las t\u00e9cnicas m\u00e1s cotizadas al momento.<\/h4>\n<h4><strong>\u00a1Reserva tu espacio Ya!<\/strong><\/h4>\n<p>&nbsp;<\/p>\n","protected":false},"featured_media":398,"template":"","meta":[],"product_cat":[34],"product_tag":[],"_links":{"self":[{"href":"https:\/\/sarynellybrows.com\/New\/wp-json\/wp\/v2\/product\/366"}],"collection":[{"href":"https:\/\/sarynellybrows.com\/New\/wp-json\/wp\/v2\/product"}],"about":[{"href":"https:\/\/sarynellybrows.com\/New\/wp-json\/wp\/v2\/types\/product"}],"version-history":[{"count":0,"href":"https:\/\/sarynellybrows.com\/New\/wp-json\/wp\/v2\/product\/366\/revisions"}],"wp:featuredmedia":[{"embeddable":true,"href":"https:\/\/sarynellybrows.com\/New\/wp-json\/wp\/v2\/media\/398"}],"wp:attachment":[{"href":"https:\/\/sarynellybrows.com\/New\/wp-json\/wp\/v2\/media?parent=366"}],"wp:term":[{"taxonomy":"product_cat","embeddable":true,"href":"https:\/\/sarynellybrows.com\/New\/wp-json\/wp\/v2\/product_cat?post=366"},{"taxonomy":"product_tag","embeddable":true,"href":"https:\/\/sarynellybrows.com\/New\/wp-json\/wp\/v2\/product_tag?post=366"}],"curies":[{"name":"wp","href":"https:\/\/api.w.org\/{rel}","templated":true}]}}